{"id":2652,"date":"2022-12-13T10:22:13","date_gmt":"2022-12-13T09:22:13","guid":{"rendered":"https:\/\/afaandujar.org\/alzheimerdeandujar\/?page_id=2652"},"modified":"2024-12-30T09:52:07","modified_gmt":"2024-12-30T08:52:07","slug":"canal-de-denuncias","status":"publish","type":"page","link":"https:\/\/afaandujar.org\/alzheimerdeandujar\/canal-de-denuncias\/","title":{"rendered":"Canal de denuncias"},"content":{"rendered":"<style>.kb-row-layout-id2652_c40715-a9 > .kt-row-column-wrap{align-content:center;}:where(.kb-row-layout-id2652_c40715-a9 > .kt-row-column-wrap) > .wp-block-kadence-column{justify-content:center;}.kb-row-layout-id2652_c40715-a9 > .kt-row-column-wrap{column-gap:var(--global-kb-gap-lg, 4rem);row-gap:var(--global-kb-gap-md, 2rem);max-width:var( --global-content-width, 1290px );padding-left:var(--global-content-edge-padding);padding-right:var(--global-content-edge-padding);padding-top:0px;padding-bottom:25px;grid-template-columns:minmax(0, 1fr);}.kb-row-layout-id2652_c40715-a9 > .kt-row-layout-overlay{opacity:0.30;}@media all and (max-width: 1024px){.kb-row-layout-id2652_c40715-a9 > .kt-row-column-wrap{grid-template-columns:minmax(0, 1fr);}}@media all and (max-width: 767px){.kb-row-layout-id2652_c40715-a9 > .kt-row-column-wrap{grid-template-columns:minmax(0, 1fr);}}<\/style><div class=\"kb-row-layout-wrap kb-row-layout-id2652_c40715-a9 alignnone wp-block-kadence-rowlayout\"><div class=\"kt-row-column-wrap kt-has-2-columns kt-row-layout-row kt-tab-layout-inherit kt-mobile-layout-row kt-row-valign-middle kb-theme-content-width\">\n<style>.kadence-column2652_09d69f-03 > .kt-inside-inner-col,.kadence-column2652_09d69f-03 > .kt-inside-inner-col:before{border-top-left-radius:0px;border-top-right-radius:0px;border-bottom-right-radius:0px;border-bottom-left-radius:0px;}.kadence-column2652_09d69f-03 > .kt-inside-inner-col{column-gap:var(--global-kb-gap-sm, 1rem);}.kadence-column2652_09d69f-03 > .kt-inside-inner-col{flex-direction:column;}.kadence-column2652_09d69f-03 > .kt-inside-inner-col > .aligncenter{width:100%;}.kadence-column2652_09d69f-03 > .kt-inside-inner-col:before{opacity:0.3;}.kadence-column2652_09d69f-03{position:relative;}@media all and (max-width: 1024px){.kadence-column2652_09d69f-03 > .kt-inside-inner-col{flex-direction:column;justify-content:center;}}@media all and (max-width: 767px){.kadence-column2652_09d69f-03 > .kt-inside-inner-col{flex-direction:column;justify-content:center;}}<\/style>\n<div class=\"wp-block-kadence-column kadence-column2652_09d69f-03 inner-column-1\"><div class=\"kt-inside-inner-col\"><style>.wp-block-kadence-advancedheading.kt-adv-heading2652_300b33-08, .wp-block-kadence-advancedheading.kt-adv-heading2652_300b33-08[data-kb-block=\"kb-adv-heading2652_300b33-08\"]{text-align:center;font-size:1.5em;font-style:normal;}.wp-block-kadence-advancedheading.kt-adv-heading2652_300b33-08 mark.kt-highlight, .wp-block-kadence-advancedheading.kt-adv-heading2652_300b33-08[data-kb-block=\"kb-adv-heading2652_300b33-08\"] mark.kt-highlight{font-style:normal;color:#f76a0c;-webkit-box-decoration-break:clone;box-decoration-break:clone;padding-top:0px;padding-right:0px;padding-bottom:0px;padding-left:0px;}.wp-block-kadence-advancedheading.kt-adv-heading2652_300b33-08 img.kb-inline-image, .wp-block-kadence-advancedheading.kt-adv-heading2652_300b33-08[data-kb-block=\"kb-adv-heading2652_300b33-08\"] img.kb-inline-image{width:150px;vertical-align:baseline;}<\/style>\n<h2 class=\"kt-adv-heading2652_300b33-08 wp-block-kadence-advancedheading\" data-kb-block=\"kb-adv-heading2652_300b33-08\">Formulario de denuncias<\/h2>\n\n\n\n<p class=\"has-small-font-size\">AFA And\u00fajar articula este canal para la recepci\u00f3n de denuncias de hechos que pudieran ser constitutivos de delito. Si usted es conocedor de hechos presuntamente delictivos que se hayan producido en AFA And\u00fajar, p\u00f3ngase en contacto a trav\u00e9s de este canal y h\u00e1ganos llegar toda la informaci\u00f3n a su disposici\u00f3n.<\/p>\n<\/div><\/div>\n\n\n<style>.kadence-column2652_a395be-63 > .kt-inside-inner-col,.kadence-column2652_a395be-63 > .kt-inside-inner-col:before{border-top-left-radius:0px;border-top-right-radius:0px;border-bottom-right-radius:0px;border-bottom-left-radius:0px;}.kadence-column2652_a395be-63 > .kt-inside-inner-col{column-gap:var(--global-kb-gap-sm, 1rem);}.kadence-column2652_a395be-63 > .kt-inside-inner-col{flex-direction:column;}.kadence-column2652_a395be-63 > .kt-inside-inner-col > .aligncenter{width:100%;}.kadence-column2652_a395be-63 > .kt-inside-inner-col:before{opacity:0.3;}.kadence-column2652_a395be-63{position:relative;}@media all and (max-width: 1024px){.kadence-column2652_a395be-63 > .kt-inside-inner-col{flex-direction:column;justify-content:center;}}@media all and (max-width: 767px){.kadence-column2652_a395be-63 > .kt-inside-inner-col{flex-direction:column;justify-content:center;}}<\/style>\n<div class=\"wp-block-kadence-column kadence-column2652_a395be-63 inner-column-2\"><div class=\"kt-inside-inner-col\"><style>.kadence-form-2652_912d24-b0 .kb-form .kadence-blocks-form-field .kb-text-style-field, .kadence-form-2652_912d24-b0 .kb-form .kadence-blocks-form-field .kb-select-style-field{border-width:1px 1px 1px 1px;background:var(--global-palette7, #EDF2F7);border-color:var(--global-palette7, #EDF2F7);}.kadence-form-2652_912d24-b0 .kb-form .kadence-blocks-form-field .kb-text-style-field:focus, .kadence-form-2652_912d24-b0 .kb-form .kadence-blocks-form-field .kb-select-style-field:focus{border-color:var(--global-palette8, #F7FAFC);background:var(--global-palette8, #F7FAFC);}.kadence-form-2652_912d24-b0 .kb-form .kadence-blocks-form-field .kb-text-style-field{padding-top:12px;padding-right:18px;padding-bottom:12px;padding-left:18px;}.kadence-form-2652_912d24-b0 .kb-form .kadence-blocks-form-field .kb-forms-submit{color:var(--global-palette9, #ffffff);border-radius:5px;background:var(--global-palette1, #3182CE);}.kadence-form-2652_912d24-b0 .kb-form .kadence-blocks-form-field .kb-forms-submit:hover, .kadence-form-2652_912d24-b0 .kb-form .kadence-blocks-form-field .kb-forms-submit:focus {background:var(--global-palette2, #2B6CB0);}.kb-form input.kadence-blocks-field.verify{opacity:0.0;position:absolute;top:0.0;left:0.0;width:0.0;height:0.0;z-index:-1;}<\/style>\n<div class=\"wp-block-kadence-form kadence-form-2652_912d24-b0 kb-form-wrap\"><form class=\"kb-form\" action=\"\" method=\"post\"><div class=\"kadence-blocks-form-field kb-field-desk-width-100 kb-input-size-custom\"><input name=\"kb_field_0\" id=\"kb_field_2652_912d24-b0_0\" data-label=\"Name\" type=\"text\" placeholder=\"Nombre\" value=\"\" data-type=\"text\" class=\"kb-field kb-text-style-field kb-text-field kb-field-0\"\/><\/div><div class=\"kadence-blocks-form-field kb-form-field-1 kb-field-desk-width-100 kb-input-size-custom\"><input name=\"kb_field_1\" id=\"kb_field_2652_912d24-b0_1\" data-label=\"Email\" type=\"email\" placeholder=\"Correo Electr\u00f3nico\" value=\"\" data-type=\"email\" class=\"kb-field kb-text-style-field kb-email-field kb-field-1\" data-required=\"yes\"\/><\/div><div class=\"kadence-blocks-form-field kb-form-field-2 kb-field-desk-width-100 kb-input-size-custom\"><input name=\"kb_field_2\" id=\"kb_field_2652_912d24-b0_2\" data-label=\"Tel\u00e9fono\" type=\"text\" placeholder=\"Tel\u00e9fono\" value=\"\" data-type=\"text\" class=\"kb-field kb-text-style-field kb-text-field kb-field-2\"\/><\/div><div class=\"kadence-blocks-form-field kb-form-field-3 kb-field-desk-width-100 kb-input-size-custom\"><input name=\"kb_field_3\" id=\"kb_field_2652_912d24-b0_3\" data-label=\"Personas involucradas\" type=\"text\" placeholder=\"Personas involucradas\" value=\"\" data-type=\"text\" class=\"kb-field kb-text-style-field kb-text-field kb-field-3\"\/><\/div><div class=\"kadence-blocks-form-field kb-form-field-4 kb-field-desk-width-100 kb-input-size-custom\"><input name=\"kb_field_4\" id=\"kb_field_2652_912d24-b0_4\" data-label=\"Fecha de la denuncia\" type=\"text\" placeholder=\"Fecha de la denuncia\" value=\"\" data-type=\"text\" class=\"kb-field kb-text-style-field kb-text-field kb-field-4\"\/><\/div><div class=\"kadence-blocks-form-field kb-form-field-5 kb-field-desk-width-100 kb-input-size-custom\"><input name=\"kb_field_5\" id=\"kb_field_2652_912d24-b0_5\" data-label=\"Fecha del incidente\" type=\"text\" placeholder=\"Fecha del incidente\" value=\"\" data-type=\"text\" class=\"kb-field kb-text-style-field kb-text-field kb-field-5\"\/><\/div><div class=\"kadence-blocks-form-field kb-form-field-6 kb-field-desk-width-100 kb-input-size-custom\"><textarea name=\"kb_field_6\" id=\"kb_field_2652_912d24-b0_6\" data-label=\"Message\" type=\"textarea\" placeholder=\"Descripci\u00f3n de la denuncia\" data-type=\"textarea\" class=\"kb-field kb-text-style-field kb-textarea-field kb-field-6\" rows=\"4\" data-required=\"yes\"><\/textarea><\/div><div class=\"kadence-blocks-form-field kb-form-field-7 kb-field-desk-width-100 kb-input-size-custom\"><input name=\"kb_field_7\" id=\"kb_field_2652_912d24-b0_7\" data-label=\"Condici\u00f3n por la que conoce la comisi\u00f3n del delito\" type=\"text\" placeholder=\"Condici\u00f3n por la que conoce la comisi\u00f3n del delito\" value=\"\" data-type=\"text\" class=\"kb-field kb-text-style-field kb-text-field kb-field-7\"\/><\/div><input type=\"hidden\" name=\"_kb_form_id\" value=\"2652_912d24-b0\"\/><input type=\"hidden\" name=\"_kb_form_post_id\" value=\"2652\"\/><input type=\"hidden\" name=\"action\" value=\"kb_process_ajax_submit\"\/><label class=\"kadence-verify-label\">Email<input class=\"kadence-blocks-field verify\" type=\"text\" name=\"_kb_verify_email\" autocomplete=\"new-password\" aria-hidden=\"true\" placeholder=\"Email\" tabindex=\"-1\" data-1p-ignore=\"true\" data-lpignore=\"true\" \/><\/label><div class=\"kadence-blocks-form-field kb-submit-field kb-field-desk-width-100\"><button class=\"kb-forms-submit button kb-button-size-large kb-button-width-auto\"><strong>Enviar Denuncia<\/strong><\/button><\/div><\/form><\/div>\n<noscript><div class=\"kadence-blocks-form-message kadence-blocks-form-warning\">Activar JavaScript en tu navegador para enviar el formulario<\/div><style>.kadence-form-2652_912d24-b0 .kadence-blocks-form-field.kb-submit-field { display: none; }<\/style><\/noscript><\/div><\/div>\n\n<\/div><\/div>\n\n\n<h3 class=\"wp-block-heading\"><strong>D. Seguimiento de la denuncia<\/strong><\/h3>\n\n\n\n<p>Para efectuar seguimiento a su denuncia puede comunicarse con Control de Prevenci\u00f3n de Delitos a trav\u00e9s de:<\/p>\n\n\n\n<ul class=\"wp-block-list\">\n<li>Sitio web: alzheimerdeandujar.es<\/li>\n\n\n\n<li>Correo postal: Avda. Blas Infante Centro de Iniciativas Sociales 23740 And\u00fajar (Ja\u00e9n)<\/li>\n<\/ul>\n\n\n\n<p><br><strong>Responsable:&nbsp;<\/strong>La ASOCIACI\u00d3N DE FAMILIARES DE PERSONAS CON ALZHEIMER Y OTRAS DEMENCIAS DE AND\u00daJAR (AFA And\u00fajar) le informa que los datos de car\u00e1cter personal que nos proporcione en este formulario de registro ser\u00e1n tratados por AFA And\u00fajar como responsable de tratamiento.<\/p>\n\n\n\n<p><strong>Finalidad de la recogida y tratamiento de los datos personales:&nbsp;<\/strong>\u00danicamente gestionar la denuncia formulada.<\/p>\n\n\n\n<p><strong>Legitimaci\u00f3n:&nbsp;<\/strong>Consentimiento del interesado e inter\u00e9s leg\u00edtimo.<\/p>\n\n\n\n<p><strong>Plazos de conservaci\u00f3n:&nbsp;<\/strong>cuando finalice el motivo de la misma AFA And\u00fajar mantendr\u00e1 sus datos personales durante los plazos de prescripci\u00f3n legal o reclamaciones. Transcurridos los plazos de prescripci\u00f3n legal destruiremos sus datos.<\/p>\n\n\n\n<p><strong>Derechos:&nbsp;<\/strong>Podr\u00e1 ejercer sus derechos de acceso, rectificaci\u00f3n, supresi\u00f3n, limitaci\u00f3n del tratamiento y oposici\u00f3n en canaldedenuncias@afaandujar.org as\u00ed como el derecho a presentar una reclamaci\u00f3n ante una autoridad de control.<\/p>\n\n\n\n<p><strong>Informaci\u00f3n adicional:&nbsp;<\/strong>Puede consultar la informaci\u00f3n adicional y detallada sobre Protecci\u00f3n de Datos en la pol\u00edtica de privacidad de la p\u00e1gina web de AFA And\u00fajar o si lo desea, puede contactar con AFA And\u00fajar en canaldedenuncias@afaandujar.org o en su sede social Avda. Blas Infante Centro de Iniciativas Sociales 23740 And\u00fajar (Ja\u00e9n).<\/p>\n","protected":false},"excerpt":{"rendered":"<p>Formulario de denuncias AFA And\u00fajar articula este canal para la recepci\u00f3n de denuncias de hechos que pudieran ser constitutivos de delito. Si usted es conocedor de hechos presuntamente delictivos que se hayan producido en AFA And\u00fajar, p\u00f3ngase en contacto a trav\u00e9s de este canal y h\u00e1ganos llegar toda la informaci\u00f3n a su disposici\u00f3n. D. Seguimiento&#8230;<\/p>\n","protected":false},"author":1,"featured_media":0,"parent":0,"menu_order":0,"comment_status":"closed","ping_status":"closed","template":"","meta":{"give_campaign_id":0,"_kadence_starter_templates_imported_post":false,"_kad_post_transparent":"","_kad_post_title":"","_kad_post_layout":"fullwidth","_kad_post_sidebar_id":"","_kad_post_content_style":"","_kad_post_vertical_padding":"","_kad_post_feature":"","_kad_post_feature_position":"","_kad_post_header":false,"_kad_post_footer":false,"_kad_post_classname":"","footnotes":""},"class_list":["post-2652","page","type-page","status-publish","hentry"],"campaignId":"","_links":{"self":[{"href":"https:\/\/afaandujar.org\/alzheimerdeandujar\/wp-json\/wp\/v2\/pages\/2652","targetHints":{"allow":["GET"]}}],"collection":[{"href":"https:\/\/afaandujar.org\/alzheimerdeandujar\/wp-json\/wp\/v2\/pages"}],"about":[{"href":"https:\/\/afaandujar.org\/alzheimerdeandujar\/wp-json\/wp\/v2\/types\/page"}],"author":[{"embeddable":true,"href":"https:\/\/afaandujar.org\/alzheimerdeandujar\/wp-json\/wp\/v2\/users\/1"}],"replies":[{"embeddable":true,"href":"https:\/\/afaandujar.org\/alzheimerdeandujar\/wp-json\/wp\/v2\/comments?post=2652"}],"version-history":[{"count":14,"href":"https:\/\/afaandujar.org\/alzheimerdeandujar\/wp-json\/wp\/v2\/pages\/2652\/revisions"}],"predecessor-version":[{"id":8844,"href":"https:\/\/afaandujar.org\/alzheimerdeandujar\/wp-json\/wp\/v2\/pages\/2652\/revisions\/8844"}],"wp:attachment":[{"href":"https:\/\/afaandujar.org\/alzheimerdeandujar\/wp-json\/wp\/v2\/media?parent=2652"}],"curies":[{"name":"wp","href":"https:\/\/api.w.org\/{rel}","templated":true}]}}